{"id":5590,"date":"2023-11-16T13:40:21","date_gmt":"2023-11-16T16:40:21","guid":{"rendered":"https:\/\/facet.ufvjm.edu.br\/?page_id=5590"},"modified":"2024-02-19T15:22:29","modified_gmt":"2024-02-19T18:22:29","slug":"historias-e-reflexoes-digitais","status":"publish","type":"page","link":"https:\/\/facet.ufvjm.edu.br\/?page_id=5590","title":{"rendered":"Hist\u00f3rias e Reflex\u00f5es Digitais"},"content":{"rendered":"\t\t<div data-elementor-type=\"wp-page\" data-elementor-id=\"5590\" class=\"elementor elementor-5590\">\n\t\t\t\t\t\t\t<div class=\"elementor-element elementor-element-eccb147 e-flex e-con-boxed e-con e-parent\" data-id=\"eccb147\" data-element_type=\"container\" data-settings=\"{&quot;content_width&quot;:&quot;boxed&quot;}\" data-core-v316-plus=\"true\">\n\t\t\t\t\t<div class=\"e-con-inner\">\n\t\t\t\t<div class=\"elementor-element elementor-element-a01c5ec elementor-widget elementor-widget-text-editor\" data-id=\"a01c5ec\" data-element_type=\"widget\" data-widget_type=\"text-editor.default\">\n\t\t\t\t<div class=\"elementor-widget-container\">\n\t\t\t<style>\/*! elementor - v3.18.0 - 20-12-2023 *\/\n.elementor-widget-text-editor.elementor-drop-cap-view-stacked .elementor-drop-cap{background-color:#69727d;color:#fff}.elementor-widget-text-editor.elementor-drop-cap-view-framed .elementor-drop-cap{color:#69727d;border:3px solid;background-color:transparent}.elementor-widget-text-editor:not(.elementor-drop-cap-view-default) .elementor-drop-cap{margin-top:8px}.elementor-widget-text-editor:not(.elementor-drop-cap-view-default) .elementor-drop-cap-letter{width:1em;height:1em}.elementor-widget-text-editor .elementor-drop-cap{float:left;text-align:center;line-height:1;font-size:50px}.elementor-widget-text-editor .elementor-drop-cap-letter{display:inline-block}<\/style>\t\t\t\t\t\t\t\t\t\t<\/div>\n\t\t\t\t<\/div>\n\t\t\t\t\t<\/div>\n\t\t\t\t<\/div>\n\t\t<div class=\"elementor-element elementor-element-d920417 e-flex e-con-boxed e-con e-parent\" data-id=\"d920417\" data-element_type=\"container\" data-settings=\"{&quot;content_width&quot;:&quot;boxed&quot;}\" data-core-v316-plus=\"true\">\n\t\t\t\t\t<div class=\"e-con-inner\">\n\t\t\t\t<div class=\"elementor-element elementor-element-eb98aea elementor-arrows-position-inside elementor-pagination-position-outside elementor-widget elementor-widget-image-carousel\" data-id=\"eb98aea\" data-element_type=\"widget\" data-settings=\"{&quot;slides_to_show&quot;:&quot;1&quot;,&quot;navigation&quot;:&quot;both&quot;,&quot;autoplay&quot;:&quot;yes&quot;,&quot;pause_on_hover&quot;:&quot;yes&quot;,&quot;pause_on_interaction&quot;:&quot;yes&quot;,&quot;autoplay_speed&quot;:5000,&quot;infinite&quot;:&quot;yes&quot;,&quot;effect&quot;:&quot;slide&quot;,&quot;speed&quot;:500}\" data-widget_type=\"image-carousel.default\">\n\t\t\t\t<div class=\"elementor-widget-container\">\n\t\t\t<style>\/*! elementor - v3.18.0 - 20-12-2023 *\/\n.elementor-widget-image-carousel .swiper,.elementor-widget-image-carousel .swiper-container{position:static}.elementor-widget-image-carousel .swiper-container .swiper-slide figure,.elementor-widget-image-carousel .swiper .swiper-slide figure{line-height:inherit}.elementor-widget-image-carousel .swiper-slide{text-align:center}.elementor-image-carousel-wrapper:not(.swiper-container-initialized):not(.swiper-initialized) .swiper-slide{max-width:calc(100% \/ var(--e-image-carousel-slides-to-show, 3))}<\/style>\t\t<div class=\"elementor-image-carousel-wrapper swiper\" dir=\"ltr\">\n\t\t\t<div class=\"elementor-image-carousel swiper-wrapper\" aria-live=\"off\">\n\t\t\t\t\t\t\t\t<div class=\"swiper-slide\" role=\"group\" aria-roledescription=\"slide\" aria-label=\"1 de 7\"><figure class=\"swiper-slide-inner\"><img decoding=\"async\" class=\"swiper-slide-image\" src=\"https:\/\/facet.ufvjm.edu.br\/wp-content\/uploads\/2024\/02\/WhatsApp-Image-2024-02-16-at-4.32.58-PM.jpeg\" alt=\"WhatsApp Image 2024-02-16 at 4.32.58 PM\" \/><\/figure><\/div><div class=\"swiper-slide\" role=\"group\" aria-roledescription=\"slide\" aria-label=\"2 de 7\"><figure class=\"swiper-slide-inner\"><img decoding=\"async\" class=\"swiper-slide-image\" src=\"https:\/\/facet.ufvjm.edu.br\/wp-content\/uploads\/2024\/02\/WhatsApp-Image-2024-02-16-at-4.28.20-PM-2.jpeg\" alt=\"WhatsApp Image 2024-02-16 at 4.28.20 PM (2)\" \/><\/figure><\/div><div class=\"swiper-slide\" role=\"group\" aria-roledescription=\"slide\" aria-label=\"3 de 7\"><figure class=\"swiper-slide-inner\"><img decoding=\"async\" class=\"swiper-slide-image\" src=\"https:\/\/facet.ufvjm.edu.br\/wp-content\/uploads\/2024\/02\/WhatsApp-Image-2024-02-16-at-4.28.20-PM-4.jpeg\" alt=\"WhatsApp Image 2024-02-16 at 4.28.20 PM (4)\" \/><\/figure><\/div><div class=\"swiper-slide\" role=\"group\" aria-roledescription=\"slide\" aria-label=\"4 de 7\"><figure class=\"swiper-slide-inner\"><img decoding=\"async\" class=\"swiper-slide-image\" src=\"https:\/\/facet.ufvjm.edu.br\/wp-content\/uploads\/2024\/02\/IMG_0650-scaled.jpg\" alt=\"IMG_0650\" \/><\/figure><\/div><div class=\"swiper-slide\" role=\"group\" aria-roledescription=\"slide\" aria-label=\"5 de 7\"><figure class=\"swiper-slide-inner\"><img decoding=\"async\" class=\"swiper-slide-image\" src=\"https:\/\/facet.ufvjm.edu.br\/wp-content\/uploads\/2024\/02\/IMG_0647-1-scaled.jpg\" alt=\"IMG_0647 (1)\" \/><\/figure><\/div><div class=\"swiper-slide\" role=\"group\" aria-roledescription=\"slide\" aria-label=\"6 de 7\"><figure class=\"swiper-slide-inner\"><img decoding=\"async\" class=\"swiper-slide-image\" src=\"https:\/\/facet.ufvjm.edu.br\/wp-content\/uploads\/2024\/02\/IMG_0666-1-scaled.jpg\" alt=\"IMG_0666 (1)\" \/><\/figure><\/div><div class=\"swiper-slide\" role=\"group\" aria-roledescription=\"slide\" aria-label=\"7 de 7\"><figure class=\"swiper-slide-inner\"><img decoding=\"async\" class=\"swiper-slide-image\" src=\"https:\/\/facet.ufvjm.edu.br\/wp-content\/uploads\/2024\/02\/WhatsApp-Image-2024-02-16-at-4.28.20-PM-5.jpeg\" alt=\"WhatsApp Image 2024-02-16 at 4.28.20 PM (5)\" \/><\/figure><\/div>\t\t\t<\/div>\n\t\t\t\t\t\t\t\t\t\t\t\t<div class=\"elementor-swiper-button elementor-swiper-button-prev\" role=\"button\" tabindex=\"0\">\n\t\t\t\t\t\t<svg aria-hidden=\"true\" class=\"e-font-icon-svg e-eicon-chevron-left\" viewBox=\"0 0 1000 1000\" xmlns=\"http:\/\/www.w3.org\/2000\/svg\"><path d=\"M646 125C629 125 613 133 604 142L308 442C296 454 292 471 292 487 292 504 296 521 308 533L604 854C617 867 629 875 646 875 663 875 679 871 692 858 704 846 713 829 713 812 713 796 708 779 692 767L438 487 692 225C700 217 708 204 708 187 708 171 704 154 692 142 675 129 663 125 646 125Z\"><\/path><\/svg>\t\t\t\t\t<\/div>\n\t\t\t\t\t<div class=\"elementor-swiper-button elementor-swiper-button-next\" role=\"button\" tabindex=\"0\">\n\t\t\t\t\t\t<svg aria-hidden=\"true\" class=\"e-font-icon-svg e-eicon-chevron-right\" viewBox=\"0 0 1000 1000\" xmlns=\"http:\/\/www.w3.org\/2000\/svg\"><path d=\"M696 533C708 521 713 504 713 487 713 471 708 454 696 446L400 146C388 133 375 125 354 125 338 125 325 129 313 142 300 154 292 171 292 187 292 204 296 221 308 233L563 492 304 771C292 783 288 800 288 817 288 833 296 850 308 863 321 871 338 875 354 875 371 875 388 867 400 854L696 533Z\"><\/path><\/svg>\t\t\t\t\t<\/div>\n\t\t\t\t\n\t\t\t\t\t\t\t\t\t<div class=\"swiper-pagination\"><\/div>\n\t\t\t\t\t\t\t\t\t<\/div>\n\t\t\t\t<\/div>\n\t\t\t\t<\/div>\n\t\t\t\t\t<\/div>\n\t\t\t\t<\/div>\n\t\t<div class=\"elementor-element elementor-element-6460bbb7 e-flex e-con-boxed e-con e-parent\" data-id=\"6460bbb7\" data-element_type=\"container\" data-settings=\"{&quot;content_width&quot;:&quot;boxed&quot;}\" data-core-v316-plus=\"true\">\n\t\t\t\t\t<div class=\"e-con-inner\">\n\t\t\t\t<div class=\"elementor-element elementor-element-1e0ee35d elementor-widget elementor-widget-text-editor\" data-id=\"1e0ee35d\" data-element_type=\"widget\" data-widget_type=\"text-editor.default\">\n\t\t\t\t<div class=\"elementor-widget-container\">\n\t\t\t\t\t\t\t<p><!-- wp:embed {\"providerNameSlug\":\"slideshare\",\"responsive\":true} \/--><!-- wp:paragraph {\"align\":\"justify\",\"editorskit\":{\"tabletAlignment\":\"justify\",\"mobileAlignment\":\"justify\",\"devices\":false,\"desktop\":true,\"tablet\":true,\"mobile\":true,\"loggedin\":true,\"loggedout\":true,\"acf_visibility\":\"\",\"acf_field\":\"\",\"acf_condition\":\"\",\"acf_value\":\"\",\"migrated\":false,\"unit_test\":false}} --><\/p>\n<p><span style=\"font-size: 1rem;\">O embri\u00e3o do projeto Hist\u00f3ria e Reflex\u00f5es Digitais foi uma conversa informal entre docentes do DECOM (Departamento de Computa\u00e7\u00e3o) durante a qual surgiu a id\u00e9ia de tentar resgatar e narrar, de uma forma mais real\u00edstica, a hist\u00f3ria da computa\u00e7\u00e3o (pelo menos a hist\u00f3ria recente da evolu\u00e7\u00e3o dos computadores). Como consequ\u00eancia, foram coletadas doa\u00e7\u00f5es diversas, de pessoas f\u00edsicas e jur\u00eddicas, de artefatos tecnol\u00f3gicos\/computacionais. O acervo atualmente conta com in\u00fameras pe\u00e7as, podendo ser divididas em grandes grupos da seguinte forma:<\/span><\/p>\n<p><!-- \/wp:paragraph --><!-- wp:paragraph {\"align\":\"justify\"} --><\/p>\n<p>1) Computadores inteiros, de variadas \u00e9pocas (MSX e CP-500, do in\u00edcio da d\u00e9cada de 80, computadores das fam\u00edlias 286, 386, 486, Pentium, Notebooks);<\/p>\n<p><!-- \/wp:paragraph --><!-- wp:paragraph {\"align\":\"justify\"} --><\/p>\n<p>2) Computadores desmontados, com os componentes \u00e0 mostra (286, 386, 486, Pentium, Notebooks);<\/p>\n<p><!-- \/wp:paragraph --><!-- wp:paragraph {\"align\":\"justify\"} --><\/p>\n<p>3) Dispositivos de armazenamento externo de variadas \u00e9pocas (disquetes 5 1\/4, 3 1\/2, zipdrives, pendrives);<\/p>\n<p><!-- \/wp:paragraph --><!-- wp:paragraph {\"align\":\"justify\"} --><\/p>\n<p>4) Dispositivos de mem\u00f3ria RAM de variadas \u00e9pocas;<\/p>\n<p><!-- \/wp:paragraph --><!-- wp:paragraph {\"align\":\"justify\"} --><\/p>\n<p>5) Dispositivos de armazenamento permanente (Hard Disks) de variadas \u00e9pocas;<\/p>\n<p><!-- \/wp:paragraph --><!-- wp:paragraph {\"align\":\"justify\"} --><\/p>\n<p>6) Equipamentos de rede de variadas \u00e9pocas (modens, cabos de rede dos tipos \u201ccoaxial\u201d e \u201cpar tran\u00e7ado\u201d, placas de rede);<\/p>\n<p><!-- \/wp:paragraph --><!-- wp:paragraph {\"align\":\"justify\"} --><\/p>\n<p>7) Video Games de variadas \u00e9pocas (Mega Drive I, Nintendo, manetes, etc);<\/p>\n<p><!-- \/wp:paragraph --><!-- wp:paragraph {\"align\":\"justify\"} --><\/p>\n<p>8)&nbsp;Outros equipamentos de variadas \u00e9pocas (M\u00e1quina fotogr\u00e1fica, Walkman, Scanners, Aparelho de fax,&nbsp;M\u00e1quina de cart\u00e3o de cr\u00e9dito manual, calculadora mec\u00e2nica de bolso, etc).&nbsp;<\/p>\n<p><!-- \/wp:paragraph --><!-- wp:paragraph {\"align\":\"justify\"} --><\/p>\n<p>Todo o acervo foi catalogado no ano de 2021, com a descri\u00e7\u00e3o&nbsp;de cada tipo de pe\u00e7a, e acondicionado num espa\u00e7o para visita\u00e7\u00e3o permanente, na sala 22 do Decom (Departamento de Computa\u00e7\u00e3o). Tal espa\u00e7o foi batizado de \u201cMuseu da Inform\u00e1tica\u201d. Como o ano de 2021 ainda estava sob fortes restri\u00e7\u00f5es da pandemia de COVID-19, o acervo n\u00e3o p\u00f4de ser disponibilizado para visita\u00e7\u00e3o presencial. Em fun\u00e7\u00e3o disto, em 2021, foi criado o projeto de extens\u00e3o Hist\u00f3ria e Reflex\u00f5es Digitais, com objetivo de promover divulga\u00e7\u00e3o cient\u00edfica relacionada \u00e0 \u00e1rea de TI.&nbsp;<\/p>\n<p>O projeto conta hoje com o Museu de Inform\u00e1tica,&nbsp; com uma vers\u00e3o online do Museu, que pode ser acessada pelo link: <a href=\"http:\/\/museudainformatica.ufvjm.edu.br\/\" target=\"_blank\" rel=\"noreferrer noopener\">http:\/\/museudainformatica.ufvjm.edu.br\/<\/a>, com encontros presenciais peri\u00f3dicos para promo\u00e7\u00e3o de debates sobre temas relacionados \u00e0 evolu\u00e7\u00e3o da computa\u00e7\u00e3o. Desde a sua abertura o projeto de extens\u00e3o<span style=\"font-size: 1rem;\">&nbsp;tem recebido discentes e alunos de escolas p\u00fablicas, tendo sido visitado por cerca de 180 pessoas no ano de 2023, promovendo a divulga\u00e7\u00e3o da hist\u00f3ria da computa\u00e7\u00e3o e o curso de Sistemas de Informa\u00e7\u00e3o para a comunidade em geral. O museu fica localizado na sala 22 no pr\u00e9dio do DECOM, no campus JK &#8211; Diamantina e<\/span><span style=\"text-align: start; font-size: 1rem;\">&nbsp;conta com visitas de discentes da UFVJM e de escolas p\u00fablicas das cidades da regi\u00e3o.<\/span><span style=\"font-size: 1rem;\">&nbsp;<\/span><span style=\"font-size: 1rem;\">Para ficar por dentro de tudo e dos hor\u00e1rios de visita\u00e7\u00e3o dispon\u00edveis n\u00e3o se esque\u00e7a de seguir as m\u00eddias sociais abaixo:<\/span><\/p>\n<p><!-- \/wp:paragraph --><!-- wp:paragraph {\"align\":\"justify\"} --><\/p>\n<p>Instagram:&nbsp;<a style=\"background-color: #ffffff; font-size: 1rem;\" href=\"https:\/\/www.instagram.com\/histreflexoes\/\" target=\"_blank\" rel=\"noopener\">@histreflexoes<\/a><\/p>\n<p><!-- \/wp:paragraph --><!-- wp:paragraph {\"align\":\"justify\"} --><\/p>\n<p>Facebook: <a href=\"https:\/\/www.facebook.com\/profile.php?id=100064042842972\" target=\"_blank\" rel=\"noreferrer noopener\">https:\/\/www.facebook.com\/profile.php?id=100064042842972<\/a><\/p>\n<p><!-- \/wp:paragraph --><!-- wp:paragraph {\"align\":\"justify\"} --><\/p>\n<p>Youtube:&nbsp;<a href=\"https:\/\/www.youtube.com\/@historiaereflexoesdigitais4013\" target=\"_blank\" rel=\"noreferrer noopener\">https:\/\/www.youtube.com\/@historiaereflexoesdigitais4013<\/a>) com publica\u00e7\u00f5es peri\u00f3dicas sobre tecnologia.<\/p>\n<p><!-- \/wp:paragraph --><\/p>\t\t\t\t\t\t<\/div>\n\t\t\t\t<\/div>\n\t\t\t\t<div class=\"elementor-element elementor-element-2e92505 elementor-widget elementor-widget-heading\" data-id=\"2e92505\" data-element_type=\"widget\" data-widget_type=\"heading.default\">\n\t\t\t\t<div class=\"elementor-widget-container\">\n\t\t\t<style>\/*! elementor - v3.18.0 - 20-12-2023 *\/\n.elementor-heading-title{padding:0;margin:0;line-height:1}.elementor-widget-heading .elementor-heading-title[class*=elementor-size-]>a{color:inherit;font-size:inherit;line-height:inherit}.elementor-widget-heading .elementor-heading-title.elementor-size-small{font-size:15px}.elementor-widget-heading .elementor-heading-title.elementor-size-medium{font-size:19px}.elementor-widget-heading .elementor-heading-title.elementor-size-large{font-size:29px}.elementor-widget-heading .elementor-heading-title.elementor-size-xl{font-size:39px}.elementor-widget-heading .elementor-heading-title.elementor-size-xxl{font-size:59px}<\/style><h2 class=\"elementor-heading-title elementor-size-default\"><span style=\"font-size: 16px; font-weight: 400; text-align: justify; white-space-collapse: collapse;\">Alguns artefatos que est\u00e3o dispon\u00edveis no ambiente f\u00edsico:<\/span><\/h2>\t\t<\/div>\n\t\t\t\t<\/div>\n\t\t\t\t<div class=\"elementor-element elementor-element-8d1a784 elementor-arrows-position-inside elementor-pagination-position-outside elementor-widget elementor-widget-image-carousel\" data-id=\"8d1a784\" data-element_type=\"widget\" data-settings=\"{&quot;navigation&quot;:&quot;both&quot;,&quot;autoplay&quot;:&quot;yes&quot;,&quot;pause_on_hover&quot;:&quot;yes&quot;,&quot;pause_on_interaction&quot;:&quot;yes&quot;,&quot;autoplay_speed&quot;:5000,&quot;infinite&quot;:&quot;yes&quot;,&quot;speed&quot;:500}\" data-widget_type=\"image-carousel.default\">\n\t\t\t\t<div class=\"elementor-widget-container\">\n\t\t\t\t\t<div class=\"elementor-image-carousel-wrapper swiper\" dir=\"ltr\">\n\t\t\t<div class=\"elementor-image-carousel swiper-wrapper\" aria-live=\"off\">\n\t\t\t\t\t\t\t\t<div class=\"swiper-slide\" role=\"group\" aria-roledescription=\"slide\" aria-label=\"1 de 7\"><figure class=\"swiper-slide-inner\"><img decoding=\"async\" class=\"swiper-slide-image\" src=\"https:\/\/facet.ufvjm.edu.br\/wp-content\/uploads\/2023\/11\/AMD-K6-233-scaled-2-150x150.jpg\" alt=\"AMD K6\" \/><\/figure><\/div><div class=\"swiper-slide\" role=\"group\" aria-roledescription=\"slide\" aria-label=\"2 de 7\"><figure class=\"swiper-slide-inner\"><img decoding=\"async\" class=\"swiper-slide-image\" src=\"https:\/\/facet.ufvjm.edu.br\/wp-content\/uploads\/2023\/11\/cd_e_disquetes-7-1-150x150.jpg\" alt=\"cd e disquetes\" \/><\/figure><\/div><div class=\"swiper-slide\" role=\"group\" aria-roledescription=\"slide\" aria-label=\"3 de 7\"><figure class=\"swiper-slide-inner\"><img decoding=\"async\" class=\"swiper-slide-image\" src=\"https:\/\/facet.ufvjm.edu.br\/wp-content\/uploads\/2023\/11\/hd-2-1-150x150.jpg\" alt=\"hd\" \/><\/figure><\/div><div class=\"swiper-slide\" role=\"group\" aria-roledescription=\"slide\" aria-label=\"4 de 7\"><figure class=\"swiper-slide-inner\"><img decoding=\"async\" class=\"swiper-slide-image\" src=\"https:\/\/facet.ufvjm.edu.br\/wp-content\/uploads\/2023\/11\/hd-6-1-150x150.jpg\" alt=\"hd\" \/><\/figure><\/div><div class=\"swiper-slide\" role=\"group\" aria-roledescription=\"slide\" aria-label=\"5 de 7\"><figure class=\"swiper-slide-inner\"><img decoding=\"async\" class=\"swiper-slide-image\" src=\"https:\/\/facet.ufvjm.edu.br\/wp-content\/uploads\/2023\/11\/hd-4-1-150x150.jpg\" alt=\"hd\" \/><\/figure><\/div><div class=\"swiper-slide\" role=\"group\" aria-roledescription=\"slide\" aria-label=\"6 de 7\"><figure class=\"swiper-slide-inner\"><img decoding=\"async\" class=\"swiper-slide-image\" src=\"https:\/\/facet.ufvjm.edu.br\/wp-content\/uploads\/2023\/11\/memoria_ram-2-1-150x150.jpg\" alt=\"memoria ram\" \/><\/figure><\/div><div class=\"swiper-slide\" role=\"group\" aria-roledescription=\"slide\" aria-label=\"7 de 7\"><figure class=\"swiper-slide-inner\"><img decoding=\"async\" class=\"swiper-slide-image\" src=\"https:\/\/facet.ufvjm.edu.br\/wp-content\/uploads\/2023\/11\/memoria_ram-12-150x150.jpg\" alt=\"memoria ram\" \/><\/figure><\/div>\t\t\t<\/div>\n\t\t\t\t\t\t\t\t\t\t\t\t<div class=\"elementor-swiper-button elementor-swiper-button-prev\" role=\"button\" tabindex=\"0\">\n\t\t\t\t\t\t<svg aria-hidden=\"true\" class=\"e-font-icon-svg e-eicon-chevron-left\" viewBox=\"0 0 1000 1000\" xmlns=\"http:\/\/www.w3.org\/2000\/svg\"><path d=\"M646 125C629 125 613 133 604 142L308 442C296 454 292 471 292 487 292 504 296 521 308 533L604 854C617 867 629 875 646 875 663 875 679 871 692 858 704 846 713 829 713 812 713 796 708 779 692 767L438 487 692 225C700 217 708 204 708 187 708 171 704 154 692 142 675 129 663 125 646 125Z\"><\/path><\/svg>\t\t\t\t\t<\/div>\n\t\t\t\t\t<div class=\"elementor-swiper-button elementor-swiper-button-next\" role=\"button\" tabindex=\"0\">\n\t\t\t\t\t\t<svg aria-hidden=\"true\" class=\"e-font-icon-svg e-eicon-chevron-right\" viewBox=\"0 0 1000 1000\" xmlns=\"http:\/\/www.w3.org\/2000\/svg\"><path d=\"M696 533C708 521 713 504 713 487 713 471 708 454 696 446L400 146C388 133 375 125 354 125 338 125 325 129 313 142 300 154 292 171 292 187 292 204 296 221 308 233L563 492 304 771C292 783 288 800 288 817 288 833 296 850 308 863 321 871 338 875 354 875 371 875 388 867 400 854L696 533Z\"><\/path><\/svg>\t\t\t\t\t<\/div>\n\t\t\t\t\n\t\t\t\t\t\t\t\t\t<div class=\"swiper-pagination\"><\/div>\n\t\t\t\t\t\t\t\t\t<\/div>\n\t\t\t\t<\/div>\n\t\t\t\t<\/div>\n\t\t\t\t\t<\/div>\n\t\t\t\t<\/div>\n\t\t\t\t\t\t\t<\/div>\n\t\t","protected":false},"excerpt":{"rendered":"<p>O embri\u00e3o do projeto Hist\u00f3ria e Reflex\u00f5es Digitais foi uma conversa informal entre docentes do DECOM (Departamento de Computa\u00e7\u00e3o) durante a qual surgiu a id\u00e9ia de tentar resgatar e narrar, de uma forma mais real\u00edstica, a hist\u00f3ria da computa\u00e7\u00e3o (pelo menos a hist\u00f3ria recente da evolu\u00e7\u00e3o dos computadores). Como consequ\u00eancia, foram coletadas doa\u00e7\u00f5es diversas, de [&hellip;]<\/p>\n","protected":false},"author":1,"featured_media":0,"parent":332,"menu_order":0,"comment_status":"closed","ping_status":"closed","template":"","meta":{"_editorskit_title_hidden":false,"_editorskit_reading_time":0,"_editorskit_is_block_options_detached":false,"_editorskit_block_options_position":"{}","_exactmetrics_skip_tracking":false,"_exactmetrics_sitenote_active":false,"_exactmetrics_sitenote_note":"","_exactmetrics_sitenote_category":0,"footnotes":""},"_links":{"self":[{"href":"https:\/\/facet.ufvjm.edu.br\/index.php?rest_route=\/wp\/v2\/pages\/5590"}],"collection":[{"href":"https:\/\/facet.ufvjm.edu.br\/index.php?rest_route=\/wp\/v2\/pages"}],"about":[{"href":"https:\/\/facet.ufvjm.edu.br\/index.php?rest_route=\/wp\/v2\/types\/page"}],"author":[{"embeddable":true,"href":"https:\/\/facet.ufvjm.edu.br\/index.php?rest_route=\/wp\/v2\/users\/1"}],"replies":[{"embeddable":true,"href":"https:\/\/facet.ufvjm.edu.br\/index.php?rest_route=%2Fwp%2Fv2%2Fcomments&post=5590"}],"version-history":[{"count":39,"href":"https:\/\/facet.ufvjm.edu.br\/index.php?rest_route=\/wp\/v2\/pages\/5590\/revisions"}],"predecessor-version":[{"id":5836,"href":"https:\/\/facet.ufvjm.edu.br\/index.php?rest_route=\/wp\/v2\/pages\/5590\/revisions\/5836"}],"up":[{"embeddable":true,"href":"https:\/\/facet.ufvjm.edu.br\/index.php?rest_route=\/wp\/v2\/pages\/332"}],"wp:attachment":[{"href":"https:\/\/facet.ufvjm.edu.br\/index.php?rest_route=%2Fwp%2Fv2%2Fmedia&parent=5590"}],"curies":[{"name":"wp","href":"https:\/\/api.w.org\/{rel}","templated":true}]}}