{"id":4818,"date":"2022-08-24T12:37:10","date_gmt":"2022-08-24T15:37:10","guid":{"rendered":"https:\/\/localhost\/facet\/?page_id=4818"},"modified":"2025-06-24T17:53:29","modified_gmt":"2025-06-24T20:53:29","slug":"congregacao","status":"publish","type":"page","link":"https:\/\/facet.ufvjm.edu.br\/?page_id=4818","title":{"rendered":"Congrega\u00e7\u00e3o"},"content":{"rendered":"\t\t<div data-elementor-type=\"wp-page\" data-elementor-id=\"4818\" class=\"elementor elementor-4818\">\n\t\t\t\t\t\t\t<div class=\"elementor-element elementor-element-4cf2e8d8 e-flex e-con-boxed e-con e-parent\" data-id=\"4cf2e8d8\" data-element_type=\"container\" data-settings=\"{&quot;content_width&quot;:&quot;boxed&quot;}\" data-core-v316-plus=\"true\">\n\t\t\t\t\t<div class=\"e-con-inner\">\n\t\t\t\t<div class=\"elementor-element elementor-element-67442a07 elementor-widget elementor-widget-text-editor\" data-id=\"67442a07\" data-element_type=\"widget\" data-widget_type=\"text-editor.default\">\n\t\t\t\t<div class=\"elementor-widget-container\">\n\t\t\t<style>\/*! elementor - v3.18.0 - 20-12-2023 *\/\n.elementor-widget-text-editor.elementor-drop-cap-view-stacked .elementor-drop-cap{background-color:#69727d;color:#fff}.elementor-widget-text-editor.elementor-drop-cap-view-framed .elementor-drop-cap{color:#69727d;border:3px solid;background-color:transparent}.elementor-widget-text-editor:not(.elementor-drop-cap-view-default) .elementor-drop-cap{margin-top:8px}.elementor-widget-text-editor:not(.elementor-drop-cap-view-default) .elementor-drop-cap-letter{width:1em;height:1em}.elementor-widget-text-editor .elementor-drop-cap{float:left;text-align:center;line-height:1;font-size:50px}.elementor-widget-text-editor .elementor-drop-cap-letter{display:inline-block}<\/style>\t\t\t\t<p><!-- wp:paragraph --><\/p>\n<p><span class=\"collapseomatic \" id=\"id69ff0f2868cdf\"  tabindex=\"0\" title=\"&lt;b&gt;Composi\u00e7\u00e3o da congrega\u00e7\u00e3o&lt;\/b&gt;\"    ><b>Composi\u00e7\u00e3o da congrega\u00e7\u00e3o<\/b><\/span><div id=\"target-id69ff0f2868cdf\" class=\"collapseomatic_content \"><\/p>\n<p>Membros docentes da Congrega\u00e7\u00e3o da Faculdade de Ci\u00eancias Exatas.<\/p>\n\n<p><iframe style=\"width: 100%; height: 320px; border: 0;\" src=\"https:\/\/drive.google.com\/embeddedfolderview?id=16cK1Xb0WC7irIlON2TZQBqidT8qulSEu#list\"><\/iframe><\/p>\n\n<p><\/div><\/p>\n\n<p><span class=\"collapseomatic \" id=\"id69ff0f2868eba\"  tabindex=\"0\" title=\"&lt;strong&gt;Atas das reuni\u00f5es dos Departamentos da FACET&lt;\/strong&gt;\"    ><strong>Atas das reuni\u00f5es dos Departamentos da FACET<\/strong><\/span><div id=\"target-id69ff0f2868eba\" class=\"collapseomatic_content \"><\/p>\n<p>Atas das reuni\u00f5es do DME<\/p>\n<p><iframe style=\"width: 100%; height: 320px; border: 0;\" src=\"https:\/\/drive.google.com\/embeddedfolderview?id=1HBHfQuu8vRI21H3WmYtZVhkCl7tb5ReG#list\"><\/iframe><\/p>\n<p><\/div><\/p>\n<p><!-- wp:paragraph --><\/p>\n<p><span class=\"collapseomatic \" id=\"id69ff0f2868f8b\"  tabindex=\"0\" title=\"&lt;strong&gt;Atas das reuni\u00f5es da FACET&lt;\/strong&gt;\"    ><strong>Atas das reuni\u00f5es da FACET<\/strong><\/span><div id=\"target-id69ff0f2868f8b\" class=\"collapseomatic_content \"><\/p>\n<p><iframe style=\"width: 100%; height: 320px; border: 0;\" src=\"https:\/\/drive.google.com\/embeddedfolderview?id=1ZhQYqEm4iLd8kCHRvjwd_Ks6ZCVDKgRx#list\"><\/iframe><\/p>\n<p><\/div><\/p>\n<p><span class=\"collapseomatic \" id=\"id69ff0f286909f\"  tabindex=\"0\" title=\"&lt;strong&gt;Convoca\u00e7\u00f5es&lt;\/strong&gt;\"    ><strong>Convoca\u00e7\u00f5es<\/strong><\/span><div id=\"target-id69ff0f286909f\" class=\"collapseomatic_content \"><\/p>\n<p><!-- \/wp:paragraph --><\/p>\n<p><!-- wp:paragraph --><\/p>\n<p>Nenhuma convoca\u00e7\u00e3o encontrada.<\/p>\n<p>&nbsp;<\/p>\n<p><!-- \/wp:paragraph --><\/p>\n<p><!-- wp:paragraph --><\/p>\n<p><\/div><\/p>\n<p><!-- \/wp:paragraph --><\/p>\n<p><!--EndFragment--><\/p>\t\t\t\t\t\t<\/div>\n\t\t\t\t<\/div>\n\t\t\t\t\t<\/div>\n\t\t\t\t<\/div>\n\t\t\t\t\t\t\t<\/div>\n\t\t","protected":false},"excerpt":{"rendered":"","protected":false},"author":1,"featured_media":0,"parent":318,"menu_order":0,"comment_status":"closed","ping_status":"closed","template":"","meta":{"_editorskit_title_hidden":false,"_editorskit_reading_time":1,"_editorskit_is_block_options_detached":false,"_editorskit_block_options_position":"{}","_exactmetrics_skip_tracking":false,"_exactmetrics_sitenote_active":false,"_exactmetrics_sitenote_note":"","_exactmetrics_sitenote_category":0,"footnotes":""},"_links":{"self":[{"href":"https:\/\/facet.ufvjm.edu.br\/index.php?rest_route=\/wp\/v2\/pages\/4818"}],"collection":[{"href":"https:\/\/facet.ufvjm.edu.br\/index.php?rest_route=\/wp\/v2\/pages"}],"about":[{"href":"https:\/\/facet.ufvjm.edu.br\/index.php?rest_route=\/wp\/v2\/types\/page"}],"author":[{"embeddable":true,"href":"https:\/\/facet.ufvjm.edu.br\/index.php?rest_route=\/wp\/v2\/users\/1"}],"replies":[{"embeddable":true,"href":"https:\/\/facet.ufvjm.edu.br\/index.php?rest_route=%2Fwp%2Fv2%2Fcomments&post=4818"}],"version-history":[{"count":78,"href":"https:\/\/facet.ufvjm.edu.br\/index.php?rest_route=\/wp\/v2\/pages\/4818\/revisions"}],"predecessor-version":[{"id":6491,"href":"https:\/\/facet.ufvjm.edu.br\/index.php?rest_route=\/wp\/v2\/pages\/4818\/revisions\/6491"}],"up":[{"embeddable":true,"href":"https:\/\/facet.ufvjm.edu.br\/index.php?rest_route=\/wp\/v2\/pages\/318"}],"wp:attachment":[{"href":"https:\/\/facet.ufvjm.edu.br\/index.php?rest_route=%2Fwp%2Fv2%2Fmedia&parent=4818"}],"curies":[{"name":"wp","href":"https:\/\/api.w.org\/{rel}","templated":true}]}}