{"id":332,"date":"2019-07-31T18:04:18","date_gmt":"2019-07-31T21:04:18","guid":{"rendered":"http:\/\/www4.ict.ufvjm.edu.br\/?page_id=332"},"modified":"2023-11-16T17:59:04","modified_gmt":"2023-11-16T20:59:04","slug":"projetos-grupos-de-ensino","status":"publish","type":"page","link":"https:\/\/facet.ufvjm.edu.br\/?page_id=332","title":{"rendered":"Projetos e Grupos de Ensino"},"content":{"rendered":"\n<hr class=\"wp-block-separator has-css-opacity\"\/>\n\n\n\n<span class=\"collapseomatic \" id=\"id69ff1405d6c7c\"  tabindex=\"0\" title=\"&lt;strong&gt;Grupos de Lideran\u00e7a Discente&lt;\/strong&gt;\"    ><strong>Grupos de Lideran\u00e7a Discente<\/strong><\/span><div id=\"target-id69ff1405d6c7c\" class=\"collapseomatic_content \">  <\/p>\n\n\n\n<p><a aria-label=\"Next Step Empresa J\u00fanior (opens in a new tab)\" href=\"https:\/\/facet.ufvjm.edu.br\/?page_id=1674\" target=\"_blank\" rel=\"noreferrer noopener\" class=\"ek-link\"><\/a><strong><a href=\"https:\/\/facet.ufvjm.edu.br\/?page_id=1674\" class=\"ek-link\">Empresa J\u00fanior &#8211; Next Step<\/a><\/strong><\/p>\n\n\n\n<p><strong><a href=\"https:\/\/facet.ufvjm.edu.br\/?page_id=5586\" class=\"ek-link\">Liga acad\u00eamica &#8211; ByteBuilders<\/a><\/strong><\/p>\n\n\n\n<p><\/p>\n\n\n\n<\/div>\n\n\n\n<div style=\"height:24px\" aria-hidden=\"true\" class=\"wp-block-spacer\"><\/div>\n\n\n\n<p><\/p>\n\n\n\n<span class=\"collapseomatic \" id=\"id69ff1405d6d88\"  tabindex=\"0\" title=\"&lt;strong&gt;Grupos de Ensino, Pesquisa e Extens\u00e3o&lt;\/strong&gt;\"    ><strong>Grupos de Ensino, Pesquisa e Extens\u00e3o<\/strong><\/span><div id=\"target-id69ff1405d6d88\" class=\"collapseomatic_content \">\n\n\n\n<p><\/p>\n\n\n\n<p><strong><a href=\"https:\/\/facet.ufvjm.edu.br\/?page_id=5590\" class=\"ek-link\">Hist\u00f3rias e Reflex\u00f5es Digitais<\/a><\/strong><\/p>\n\n\n\n<!--\n\n\n\n<p><strong><a href=\"https:\/\/facet.ufvjm.edu.br\/?page_id=5589\" class=\"ek-link\">PET (Programa de Educa\u00e7\u00e3o de Tutoria) do curso de Qu\u00edmica<\/a><\/strong><\/p>\n\n\n\n<p><strong><a href=\"https:\/\/facet.ufvjm.edu.br\/?page_id=5594\" class=\"ek-link\">PIBID (Programa Institucional de Bolsa de Inicia\u00e7\u00e3o \u00e0 Doc\u00eancia) e Resid\u00eancia<\/a><\/strong><\/p>\n\n\n\n<p><\/p>\n\n\n\n-->\n\n\n\n<\/div>\n","protected":false},"excerpt":{"rendered":"","protected":false},"author":1,"featured_media":0,"parent":318,"menu_order":0,"comment_status":"closed","ping_status":"closed","template":"","meta":{"_editorskit_title_hidden":false,"_editorskit_reading_time":1,"_editorskit_is_block_options_detached":false,"_editorskit_block_options_position":"{}","_exactmetrics_skip_tracking":false,"_exactmetrics_sitenote_active":false,"_exactmetrics_sitenote_note":"","_exactmetrics_sitenote_category":0,"footnotes":""},"_links":{"self":[{"href":"https:\/\/facet.ufvjm.edu.br\/index.php?rest_route=\/wp\/v2\/pages\/332"}],"collection":[{"href":"https:\/\/facet.ufvjm.edu.br\/index.php?rest_route=\/wp\/v2\/pages"}],"about":[{"href":"https:\/\/facet.ufvjm.edu.br\/index.php?rest_route=\/wp\/v2\/types\/page"}],"author":[{"embeddable":true,"href":"https:\/\/facet.ufvjm.edu.br\/index.php?rest_route=\/wp\/v2\/users\/1"}],"replies":[{"embeddable":true,"href":"https:\/\/facet.ufvjm.edu.br\/index.php?rest_route=%2Fwp%2Fv2%2Fcomments&post=332"}],"version-history":[{"count":93,"href":"https:\/\/facet.ufvjm.edu.br\/index.php?rest_route=\/wp\/v2\/pages\/332\/revisions"}],"predecessor-version":[{"id":5666,"href":"https:\/\/facet.ufvjm.edu.br\/index.php?rest_route=\/wp\/v2\/pages\/332\/revisions\/5666"}],"up":[{"embeddable":true,"href":"https:\/\/facet.ufvjm.edu.br\/index.php?rest_route=\/wp\/v2\/pages\/318"}],"wp:attachment":[{"href":"https:\/\/facet.ufvjm.edu.br\/index.php?rest_route=%2Fwp%2Fv2%2Fmedia&parent=332"}],"curies":[{"name":"wp","href":"https:\/\/api.w.org\/{rel}","templated":true}]}}