{"id":318,"date":"2019-07-31T18:02:05","date_gmt":"2019-07-31T20:02:05","guid":{"rendered":"http:\/\/www4.ict.ufvjm.edu.br\/?page_id=318"},"modified":"2025-06-24T17:38:57","modified_gmt":"2025-06-24T20:38:57","slug":"o-instituto","status":"publish","type":"page","link":"https:\/\/facet.ufvjm.edu.br\/?page_id=318","title":{"rendered":"A Faculdade"},"content":{"rendered":"\n<p class=\"has-text-align-center\"><strong>Principais informa\u00e7\u00f5es, rotinas e servi\u00e7os contidos na Faculdade de Ci\u00eancias Exatas da UFVJM.<\/strong><\/p>\n\n\n\n<p><\/p>\n\n\n\n<div class=\"overflow-wrapper\">\n\n<div id=\"feature_card-1\" class=\"col-sm-12 col-md-6 col-lg-3 mb-4 widget_feature_card\">\n  <div class=\"text-center card-1\">\n    <div class=\"align\">\n      <a href=\"\/\/facet.ufvjm.edu.br\/?page_id=320\" style=\"text-decoration: none;\">\n        <figure><img decoding=\"async\" src=\"\/\/facet.ufvjm.edu.br\/arquivos\/images_site\/university.svg\" width=\"110px\"><\/figure>\n        <h3 class=\"card-title\">A Faculdade<\/h3>\n        <p>Sobre a FACET<\/p>\n      <\/a>\n    <\/div>\n  <\/div>\n<\/div>\n\n<div id=\"feature_card-2\" class=\"col-sm-12 col-md-6 col-lg-3 mb-4 widget_feature_card\">\n  <div class=\"text-center card-1\">\n    <div class=\"align\">\n      <a href=\"\/\/facet.ufvjm.edu.br\/?page_id=322\" style=\"text-decoration: none;\">\n        <figure><img decoding=\"async\" src=\"\/\/facet.ufvjm.edu.br\/arquivos\/images_site\/user-tie.svg\" width=\"95px\"><\/figure>\n        <h3 class=\"card-title\">Dire\u00e7\u00e3o<\/h3>\n        <p>Dire\u00e7\u00e3o da FACET<\/p>\n      <\/a>\n    <\/div>\n  <\/div>\n<\/div>\n\n<div id=\"feature_card-3\" class=\"col-sm-12 col-md-6 col-lg-3 mb-4 widget_feature_card\">\n  <div class=\"text-center card-1\">\n    <div class=\"align\">\n      <a href=\"\/\/facet.ufvjm.edu.br\/?page_id=324\" style=\"text-decoration: none;\">\n        <figure><img decoding=\"async\" src=\"\/\/facet.ufvjm.edu.br\/arquivos\/images_site\/chalkboard-teacher.svg\" width=\"130px\"><\/figure>\n        <h3 class=\"card-title\">Coordena\u00e7\u00f5es<\/h3>\n        <p>Coordenadores de Cursos e Est\u00e1gio<\/p>\n      <\/a>\n    <\/div>\n  <\/div>\n<\/div>\n\n<div id=\"feature_card-13\" class=\"col-sm-12 col-md-6 col-lg-3 mb-4 widget_feature_card\">\n        <div class=\"text-center card-1\">\n            <div class=\"align\">\n                <a href=\"https:\/\/facet.ufvjm.edu.br\/?page_id=4543\" style=\"text-decoration: none;\" rel=\"noopener noreferrer\">\n                    <figure><img decoding=\"async\" src=\"\/\/facet.ufvjm.edu.br\/arquivos\/images_site\/user-friends.svg\" width=\"105px\">\n                    <\/figure>\n                    <h3 class=\"card-title\">Servidores<\/h3>\n                    <p>Lista de Servidores da FACET<\/p>\n                <\/a>\n            <\/div>\n        <\/div>\n    <\/div>\n\n<div id=\"feature_card-5\" class=\"col-sm-12 col-md-6 col-lg-3 mb-4 widget_feature_card\">\n  <div class=\"text-center card-1\">\n    <div class=\"align\">\n      <a href=\"\/\/facet.ufvjm.edu.br\/?page_id=328\" style=\"text-decoration: none;\" rel=\"noopener noreferrer\">\n        <figure><img decoding=\"async\" src=\"\/\/facet.ufvjm.edu.br\/arquivos\/images_site\/handshake.svg\" width=\"130px\"><\/figure>\n        <h3 class=\"card-title\">Editais<\/h3>\n        <p>Editais de Sele\u00e7\u00e3o<\/p>\n      <\/a>\n    <\/div>\n  <\/div>\n<\/div>\n\n<div id=\"feature_card-6\" class=\"col-sm-12 col-md-6 col-lg-3 mb-4 widget_feature_card\">\n  <div class=\"text-center card-1\">\n    <div class=\"align\">\n      <a href=\"\/\/facet.ufvjm.edu.br\/?page_id=332\" style=\"text-decoration: none;\" rel=\"noopener noreferrer\">\n        <figure><img decoding=\"async\" src=\"\/\/facet.ufvjm.edu.br\/arquivos\/images_site\/users.svg\" width=\"130px\"><\/figure>\n        <h3 class=\"card-title\">Projetos e Grupos de Ensino<\/h3>\n        <p>Projetos e Grupos da FACET<\/p>\n      <\/a>\n    <\/div>\n  <\/div>\n<\/div>\n\n<!--<div id=\"feature_card-7\" class=\"col-sm-12 col-md-6 col-lg-3 mb-4 widget_feature_card\">\n  <div class=\"text-center card-1\">\n    <div class=\"align\">\n      <a href=\"\/\/facet.ufvjm.edu.br\/?page_id=334\" style=\"text-decoration: none;\" rel=\"noopener noreferrer\">\n        <figure><img decoding=\"async\" src=\"\/\/facet.ufvjm.edu.br\/arquivos\/images_site\/wpforms.svg\" width=\"92px\"><\/figure>\n        <h3 class=\"card-title\">Formul\u00e1rios<\/h3>\n        <p>Processos de rotina<\/p>\n      <\/a>\n    <\/div>\n  <\/div>\n<\/div>-->\n\n\n\n<!--<div id=\"feature_card-9\" class=\"col-sm-12 col-md-6 col-lg-3 mb-4 widget_feature_card\">\n  <div class=\"text-center card-1\">\n    <div class=\"align\">\n      <a href=\"\/\/facet.ufvjm.edu.br\/?page_id=336\" style=\"text-decoration: none;\" rel=\"noopener noreferrer\">\n        <figure><img decoding=\"async\" src=\"\/\/facet.ufvjm.edu.br\/arquivos\/images_site\/walking.svg\" width=\"60px\"><\/figure>\n        <h3 class=\"card-title\">Egressos<\/h3>\n        <p>Estat\u00edstica de egressos<\/p>\n      <\/a>\n    <\/div>\n  <\/div>\n<\/div>-->\n\n\n\n\n<!-- solicita\u00e7ao de afastamento do docente. Aparentemente n\u00e3o esse link dentro da facet -->\n\n<!--<div id=\"feature_card-10\" class=\"col-sm-12 col-md-6 col-lg-3 mb-4 widget_feature_card\">\n  <div class=\"text-center card-1\">\n    <div class=\"align\">\n      <a href=\"\/\/afast.ict.ufvjm.edu.br\" target=\"_blank\" style=\"text-decoration: none;\" rel=\"noopener noreferrer\">\n        <figure><img decoding=\"async\" src=\"\/\/facet.ufvjm.edu.br\/arquivos\/images_site\/user-clock.svg\" width=\"130px\"><\/figure>\n        <h3 class=\"card-title\">AFAST<\/h3>\n        <p>Solicita\u00e7\u00e3o de afastamento docente<\/p>\n      <\/a>\n    <\/div>\n  <\/div>\n<\/div>-->\n\n\n\n\n<!-- Link p\u00e1gina da congre\u00e7\u00e3o -->\n<div id=\"feature_card-11\" class=\"col-sm-12 col-md-6 col-lg-3 mb-4 widget_feature_card\">\n  <div class=\"text-center card-1\">\n    <div class=\"align\">\n      <a href=\"https:\/\/facet.ufvjm.edu.br\/?page_id=4818\" target=\"_self\" style=\"text-decoration: none;\" rel=\"noopener noreferrer\">\n        <figure><img decoding=\"async\" src=\"\/\/facet.ufvjm.edu.br\/files\/img-site\/meeting.png\" width=\"100px\"><\/figure>\n        <h3 class=\"card-title\">Congrega\u00e7\u00e3o<\/h3>\n        <p>Atas e convoca\u00e7\u00f5es<\/p>\n      <\/a>\n    <\/div>\n  <\/div>\n<\/div>\n\n<div id=\"feature_card-12\" class=\"col-sm-12 col-md-6 col-lg-3 mb-4 widget_feature_card\">\n  <div class=\"text-center card-1\">\n    <div class=\"align\">\n      <a href=\"\/\/facet.ufvjm.edu.br\/?page_id=467\" style=\"text-decoration: none;\" rel=\"noopener noreferrer\">\n        <figure><img decoding=\"async\" src=\"\/\/facet.ufvjm.edu.br\/arquivos\/images_site\/map-marker-alt.svg\" width=\"73px\"><\/figure>\n        <h3 class=\"card-title\">Contato<\/h3>\n        <p>Endere\u00e7o e Hor\u00e1rio de Funcionamento<\/p>\n      <\/a>\n    <\/div>\n  <\/div>\n<\/div>\n\n<\/div>\n\n\n\n<p><\/p>\n","protected":false},"excerpt":{"rendered":"<p>Principais informa\u00e7\u00f5es, rotinas e servi\u00e7os contidos na Faculdade de Ci\u00eancias Exatas da UFVJM. A Faculdade Sobre a FACET Dire\u00e7\u00e3o Dire\u00e7\u00e3o da FACET Coordena\u00e7\u00f5es Coordenadores de Cursos e Est\u00e1gio Servidores Lista de Servidores da FACET Editais Editais de Sele\u00e7\u00e3o Projetos e Grupos de Ensino Projetos e Grupos da FACET Congrega\u00e7\u00e3o Atas e convoca\u00e7\u00f5es Contato Endere\u00e7o e [&hellip;]<\/p>\n","protected":false},"author":1,"featured_media":0,"parent":0,"menu_order":0,"comment_status":"closed","ping_status":"closed","template":"page-info.php","meta":{"_editorskit_title_hidden":false,"_editorskit_reading_time":1,"_editorskit_is_block_options_detached":false,"_editorskit_block_options_position":"{}","_exactmetrics_skip_tracking":false,"_exactmetrics_sitenote_active":false,"_exactmetrics_sitenote_note":"","_exactmetrics_sitenote_category":0,"footnotes":""},"_links":{"self":[{"href":"https:\/\/facet.ufvjm.edu.br\/index.php?rest_route=\/wp\/v2\/pages\/318"}],"collection":[{"href":"https:\/\/facet.ufvjm.edu.br\/index.php?rest_route=\/wp\/v2\/pages"}],"about":[{"href":"https:\/\/facet.ufvjm.edu.br\/index.php?rest_route=\/wp\/v2\/types\/page"}],"author":[{"embeddable":true,"href":"https:\/\/facet.ufvjm.edu.br\/index.php?rest_route=\/wp\/v2\/users\/1"}],"replies":[{"embeddable":true,"href":"https:\/\/facet.ufvjm.edu.br\/index.php?rest_route=%2Fwp%2Fv2%2Fcomments&post=318"}],"version-history":[{"count":156,"href":"https:\/\/facet.ufvjm.edu.br\/index.php?rest_route=\/wp\/v2\/pages\/318\/revisions"}],"predecessor-version":[{"id":6484,"href":"https:\/\/facet.ufvjm.edu.br\/index.php?rest_route=\/wp\/v2\/pages\/318\/revisions\/6484"}],"wp:attachment":[{"href":"https:\/\/facet.ufvjm.edu.br\/index.php?rest_route=%2Fwp%2Fv2%2Fmedia&parent=318"}],"curies":[{"name":"wp","href":"https:\/\/api.w.org\/{rel}","templated":true}]}}