{"id":182,"date":"2019-07-31T14:37:00","date_gmt":"2019-07-31T17:37:00","guid":{"rendered":"http:\/\/www4.ict.ufvjm.edu.br\/?page_id=182"},"modified":"2022-07-11T17:07:07","modified_gmt":"2022-07-11T20:07:07","slug":"bacharelado-em-sistemas-de-informacao","status":"publish","type":"page","link":"https:\/\/facet.ufvjm.edu.br\/?page_id=182","title":{"rendered":"Sistemas de Informa\u00e7\u00e3o"},"content":{"rendered":"\n<div align=\"right\">\n<span class=\"expandall\"><b>Expandir todos<\/b><\/span>\u2003\u2003\n<span class=\"collapseall\"><b>Recolher todos<\/b><\/span>\n<\/div>\n\n\n\n<hr class=\"wp-block-separator has-css-opacity\"\/>\n\n\n\n<span class=\"collapseomatic \" id=\"id69ff25e9a12ff\"  tabindex=\"0\" title=\"&lt;strong&gt;O Curso na UFVJM&lt;\/strong&gt;\"    ><strong>O Curso na UFVJM<\/strong><\/span><div id=\"target-id69ff25e9a12ff\" class=\"collapseomatic_content \">\n\n\n\n<p>O curso de gradua\u00e7\u00e3o em Sistemas de Informa\u00e7\u00e3o (SI) \u00e9 um curso da \u00e1rea de Ci\u00eancia da Computa\u00e7\u00e3o que tem por caracter\u00edstica projetar e desenvolver sistemas e aplicativos, bem como utiliza\u00e7\u00e3o de novas tecnologias como meio para solucionar problemas da sociedade moderna. O curso visa \u00e0 forma\u00e7\u00e3o de profissionais para atua\u00e7\u00e3o na ind\u00fastria, empresas de tecnologia da informa\u00e7\u00e3o e\/ou academia, realizando pesquisa, gest\u00e3o, desenvolvimento, uso e avalia\u00e7\u00e3o de tecnologias e conhecimento com o objetivo de transformar a sociedade.<\/p>\n\n\n\n<\/div>\n","protected":false},"excerpt":{"rendered":"<p>Expandir todos\u2003\u2003 Recolher todos<\/p>\n","protected":false},"author":1,"featured_media":0,"parent":172,"menu_order":0,"comment_status":"closed","ping_status":"closed","template":"","meta":{"_editorskit_title_hidden":false,"_editorskit_reading_time":0,"_editorskit_is_block_options_detached":false,"_editorskit_block_options_position":"{}","_exactmetrics_skip_tracking":false,"_exactmetrics_sitenote_active":false,"_exactmetrics_sitenote_note":"","_exactmetrics_sitenote_category":0,"footnotes":""},"_links":{"self":[{"href":"https:\/\/facet.ufvjm.edu.br\/index.php?rest_route=\/wp\/v2\/pages\/182"}],"collection":[{"href":"https:\/\/facet.ufvjm.edu.br\/index.php?rest_route=\/wp\/v2\/pages"}],"about":[{"href":"https:\/\/facet.ufvjm.edu.br\/index.php?rest_route=\/wp\/v2\/types\/page"}],"author":[{"embeddable":true,"href":"https:\/\/facet.ufvjm.edu.br\/index.php?rest_route=\/wp\/v2\/users\/1"}],"replies":[{"embeddable":true,"href":"https:\/\/facet.ufvjm.edu.br\/index.php?rest_route=%2Fwp%2Fv2%2Fcomments&post=182"}],"version-history":[{"count":84,"href":"https:\/\/facet.ufvjm.edu.br\/index.php?rest_route=\/wp\/v2\/pages\/182\/revisions"}],"predecessor-version":[{"id":4637,"href":"https:\/\/facet.ufvjm.edu.br\/index.php?rest_route=\/wp\/v2\/pages\/182\/revisions\/4637"}],"up":[{"embeddable":true,"href":"https:\/\/facet.ufvjm.edu.br\/index.php?rest_route=\/wp\/v2\/pages\/172"}],"wp:attachment":[{"href":"https:\/\/facet.ufvjm.edu.br\/index.php?rest_route=%2Fwp%2Fv2%2Fmedia&parent=182"}],"curies":[{"name":"wp","href":"https:\/\/api.w.org\/{rel}","templated":true}]}}